se 0 = 19*l + 2*l - 42. What is the highest common factor of l and 97?
1
Let l be 112/70 + (-94)/(-10). Let u = -75 - -356. Suppose u = 3*j + 4*a, -4*j + j = -a - 301. Calculate the highest common factor of j and l.
11
Suppose -18*s + 4651 = -1685. Calculate the greatest common factor of 264 and s.
88
Suppose -367*c = -397*c + 2700. Calculate the highest common divisor of 40 and c.
10
Suppose 56 = k - 5*p, -10*p = -15*p - 25. What is the greatest common factor of 279 and k?
31
Let o = 14547 - 14526. Let y(s) = s**3 + 6*s**2 - 2*s - 5. Let c be y(4). Calculate the greatest common divisor of c and o.
21
Suppose -w + 22 = -5*t, 24 - 8 = 4*w - 2*t. Let h be 4*190/16 + 1/w. What is the highest common factor of 16 and h?
16
Let d(l) = -79*l + 38. Let f be d(0). What is the highest common divisor of 1102 and f?
38
Let b be 4/1 - (10 + -7). Suppose -4*t + 7 = -5*o, 0 = -t + 4*t + o - 29. Suppose 5*v - t = 2. What is the highest common divisor of v and b?
1
Suppose 4*n - 15820 = -6*n. What is the greatest common factor of 14 and n?
14
Suppose 2*h + 5*m = 208, -6*m - 206 = -2*h - 10*m. Calculate the greatest common divisor of h and 48.
3
Let o = 36 - 25. Suppose 9*m = -o - 25. Let g be (1/(-2))/(m/8). What is the greatest common divisor of 2 and g?
1
Let b(p) = -p**3 + 10*p**2 + 11*p. Let y be b(9). Suppose 3*i + 19 = -11. Let j be ((-16)/i)/(8/y). What is the highest common divisor of 9 and j?
9
Suppose -2*a = 2*o - 3 - 25, -110 = -5*o + 3*a. Suppose 48 = 20*w - o*w. What is the greatest common factor of 8 and w?
8
Let t be 5/(-3) + 10/15. Let v be t/((6 + -2)/96). Let a = v + 45. What is the greatest common factor of a and 42?
21
Let m(u) = 16*u + 351. Let a be m(-21). Let x be (-481)/(-4) + 2/(-8). What is the highest common factor of x and a?
15
Let f be -1*(0 + -691 + (-90)/(-45)). What is the highest common factor of 13 and f?
13
Let a = 49 + -74. Let v be 22 + a/(-15)*-3. Let x(h) = -h**3 + 7*h**2 - h + 1. Let r be x(3). Calculate the highest common divisor of r and v.
17
Suppose -25980 = 54*n - 64*n. What is the highest common factor of n and 6?
6
Let c = 57 + -25. Let q = c - -56. Calculate the highest common divisor of q and 11.
11
Let b(n) = -n**3 - 6*n**2 + 5*n + 8. Let m be b(-7). Let h be 11/m*82/(-1). Let t = 69 + h. Calculate the greatest common divisor of t and 7.
7
Let x(z) = -z**3 + 19*z**2 - 29*z - 47. Let w be x(17). What is the greatest common factor of w and 114?
38
Let b be (-164)/(-10) - 446/1115. What is the highest common factor of 3184 and b?
16
Let j = -98 + 102. Suppose -80 = -3*s - t, 2*s = j*t + 62 + 10. What is the greatest common divisor of s and 4?
4
Let u(o) = -85*o + 3. Suppose 0 = 4*g + 4. Let f be u(g). What is the highest common factor of 11 and f?
11
Suppose 5*d - 12 = 18. Suppose q = 4*q - d. Suppose -3*x + 3*c = q*x - 48, -4 = -x - 5*c. Calculate the highest common factor of x and 18.
9
Suppose 10*c + 3725 = 3*w + 9*c, -4*c = 4*w - 4972. What is the greatest common divisor of 46 and w?
46
Let z(w) = -16*w + 38*w + 12 - 23*w. Let k be z(-7). Let f = 1 + k. What is the greatest common divisor of f and 10?
10
Let a = -35 + 9. Let d = -6 - a. What is the highest common divisor of 60 and d?
20
Let j be 29/(-1)*(-132 + 11). Calculate the highest common factor of 29 and j.
29
Let g = 627 + -221. What is the greatest common divisor of 42 and g?
14
Let y(n) = -n**3 + n**2 - 3*n + 4. Let b be 0 + 1 - (0 + 2 + -1). Let w be y(b). What is the greatest common factor of w and 16?
4
Let o(x) = -x**2 + 9*x + 39. Let j be o(12). Suppose 4*a = 4*n + 148, a = 3*a + 3*n - 54. Calculate the greatest common divisor of a and j.
3
Let m(p) be the first derivative of 2/3*p**3 + 2 - 1/2*p**2 - 3*p. Let k be m(6). Calculate the highest common divisor of 9 and k.
9
Let u be (1 - -2)/((-6)/64). Let y = u + 29. Let k be y/15 + (-644)/(-20). Calculate the highest common factor of 4 and k.
4
Suppose 3*y + 2*d - 88 = y, 0 = 5*d. Let t = y + -24. Let l(x) = 13*x**2 + 2*x + 2. Let a be l(-2). Calculate the greatest common factor of t and a.
10
Suppose q - 4*g = 136, 2*q + 376 = 5*q - 4*g. Suppose 0 = -z + 5*l + 44, -3*l + 60 = -0*z + 3*z. Calculate the highest common factor of q and z.
24
Suppose 0 = 4*k - 55 - 9. Suppose -219*u - 192 = -225*u. Calculate the highest common divisor of k and u.
16
Suppose -14*u = -8*u - 216. Let z = u - 63. Let a be z/(-5)*10/3. Calculate the greatest common factor of a and 90.
18
Let i(y) = -9*y + 72. Let r be i(9). Let n be (-3)/r*-10*(-84)/35. What is the highest common divisor of n and 184?
8
Let f = 471 + -441. What is the greatest common factor of f and 660?
30
Suppose 0 = 34*u - 38124 - 32188. Calculate the highest common factor of u and 44.
44
Let p be (-4)/10 + (-264)/(-10). Suppose -2 + p = 4*z. Let w be (-1 - 174)*z/(-15). What is the highest common divisor of 10 and w?
10
Suppose 0 = -4*y + 54 - 14. Let x = 61 - 1. What is the highest common divisor of x and y?
10
Let c be (0 - -7) + -2 + 0. Let j = -106 + 116. Suppose -c*z - 500 = -j*z. What is the greatest common divisor of z and 25?
25
Let h be -8*(-124)/32*2 - -1. Suppose 0 = a - 2*a + 3. Suppose -r + 10 = a. Calculate the greatest common divisor of r and h.
7
Let j(s) = -63 + 4*s - 13*s - s**3 + 44. Let w be j(-4). Calculate the highest common factor of w and 18.
9
Let r(q) = -q**2 - 3*q. Let o be r(-14). Let x be 312/14 + 44/o. Suppose x + 8 = 5*y. What is the highest common divisor of 9 and y?
3
Let t = 101 + -58. Suppose -3*a + 77 = 2*l + 2*l, a = l + 14. Let s = t - a. What is the highest common factor of s and 12?
12
Let g = -526 + 566. Calculate the greatest common factor of g and 140.
20
Let w be (-14)/21 + (-38)/(-3). Suppose h - 8 = 10. Calculate the greatest common divisor of h and w.
6
Suppose 6*f - 33 + 9 = 0. Suppose 0 = 3*w - 2*l - 3, f*w - 3*w = -3*l + 1. Let a be ((-6)/(-8))/((-2)/(-8)). What is the highest common divisor of w and a?
1
Let f(r) = r**3 + 5*r**2 - 8*r - 7. Let v be f(-6). Let q = -3 + v. Let w be (-56)/(-16)*1*q. Calculate the greatest common factor of w and 70.
7
Let p be (-11)/(-33) + 989/3. Calculate the greatest common divisor of 45 and p.
15
Let j(o) = -o + 265. Let y be j(0). Let x = 139 - y. Let w be ((-8)/(-16))/((-1)/x). Calculate the greatest common factor of w and 7.
7
Let x(y) = -4*y**2 - 10*y + 9. Let h be x(-8). Let s = 376 + h. What is the greatest common divisor of s and 19?
19
Let i be 0 + (7 - (-1 - 3)). Let t = 53 - i. Let h = -25 + t. Calculate the greatest common factor of h and 34.
17
Suppose -2*i = 2, -f - i + 0*i = -3. Let x = 5 + -3. Suppose 0 = f*y + x*l - 375 - 13, -2*y + 214 = -4*l. Calculate the highest common divisor of 11 and y.
11
Let l(b) = 16*b + 257. Let h be l(-16). What is the highest common divisor of 14 and h?
1
Let w(i) = 6*i + 17. Suppose -15 + 45 = 3*x. Let o be w(x). Calculate the greatest common factor of o and 7.
7
Let p = 8 + -3. Suppose -2*y - p*m + 6 = -7, 0 = 5*y + 2*m - 64. Suppose r - b - y = 0, b + 20 + 30 = 3*r. What is the highest common factor of 9 and r?
9
Let w(l) be the second derivative of l**5/20 + 5*l**4/12 - 5*l**3/6 + 3*l**2 - 11*l. Let s be w(-5). Calculate the greatest common divisor of 341 and s.
31
Suppose 0 = o - 7*o + 18. Suppose 5*p - 85 = -5*f, -f - 5*p - 6 = -o*f. Calculate the highest common factor of 91 and f.
13
Suppose 4*k + 2*v - 136 - 164 = 0, 0 = 3*k - 2*v - 225. Suppose 3*h - 3*i = -4*i + 89, 5*h - 155 = 5*i. Calculate the greatest common divisor of k and h.
15
Suppose -195 = o + 3*n - 355, 0 = -2*n + 8. What is the highest common divisor of 333 and o?
37
Let j = -12 - -16. Suppose -2*y + j*y = 0. Suppose 3*r + 37 - 229 = y. What is the highest common divisor of r and 8?
8
Suppose 0 = -15*a + 359 + 166. Suppose u - 40 - a = 0. Calculate the greatest common divisor of 45 and u.
15
Let i = 633 - 607. What is the highest common factor of 130 and i?
26
Let q(y) = -y**3 + 9*y**2 + 11*y - 14. Let r be q(10). Let m be 138/33 + r/22. What is the highest common divisor of m and 10?
2
Let m = 19 + -11. Suppose 4*d - 20 = -m. Suppose -3*z = 15, -4*i + 450 = d*z - 5*z. Calculate the greatest common divisor of 22 and i.
22
Let j(x) = -2*x**2 - 11*x - 3. Let q be j(-5). Suppose 2*s + q = 0, -64 = -4*y - 2*s + 62. Calculate the greatest common fact